{"id":79,"date":"2022-10-17T11:16:56","date_gmt":"2022-10-17T09:16:56","guid":{"rendered":"https:\/\/annarylik.pl\/?page_id=79"},"modified":"2025-09-29T19:58:30","modified_gmt":"2025-09-29T17:58:30","slug":"fala-uderzeniowa","status":"publish","type":"page","link":"https:\/\/annarylik.pl\/?page_id=79","title":{"rendered":"FALA UDERZENIOWA"},"content":{"rendered":"\n<div class=\"wp-block-columns is-layout-flex wp-container-core-columns-is-layout-9d6595d7 wp-block-columns-is-layout-flex\">\n<div class=\"wp-block-column is-layout-flow wp-block-column-is-layout-flow\" style=\"flex-basis:33.33%\">\n<figure class=\"wp-block-image size-full\"><img loading=\"lazy\" decoding=\"async\" width=\"800\" height=\"530\" src=\"https:\/\/annarylik.pl\/wp-content\/uploads\/2022\/10\/fala-uderzeniowa-2-1.jpg\" alt=\"\" class=\"wp-image-111\" srcset=\"https:\/\/annarylik.pl\/wp-content\/uploads\/2022\/10\/fala-uderzeniowa-2-1.jpg 800w, https:\/\/annarylik.pl\/wp-content\/uploads\/2022\/10\/fala-uderzeniowa-2-1-300x199.jpg 300w, https:\/\/annarylik.pl\/wp-content\/uploads\/2022\/10\/fala-uderzeniowa-2-1-768x509.jpg 768w, https:\/\/annarylik.pl\/wp-content\/uploads\/2022\/10\/fala-uderzeniowa-2-1-91x60.jpg 91w\" sizes=\"auto, (max-width: 800px) 100vw, 800px\" \/><\/figure>\n<\/div>\n\n\n\n<div class=\"wp-block-column is-layout-flow wp-block-column-is-layout-flow\" style=\"flex-basis:66.66%\">\n<p class=\"has-text-align-center\">Nieinwazyjne rozwi\u0105zanie do eliminacji przewlek\u0142ego b\u00f3lu wyst\u0119puj\u0105cego w uk\u0142adzie mi\u0119\u015bniowo-szkieletowym<\/p>\n\n\n\n<p class=\"has-text-align-center\">Fale uderzeniowe s\u0105 akustycznymi falami przenosz\u0105cymi energi\u0119 w obszar obj\u0119ty b\u00f3lem w uk\u0142adzie mi\u0119\u015bniowo-szkieletowym ze stanami podostrymi oraz przewlek\u0142ymi. Dzi\u0119ki dostarczonej energii nast\u0119puj\u0105 procesy leczenia oraz regeneracji tkanek mi\u0119kkich.<\/p>\n<\/div>\n<\/div>\n\n\n\n<h3 class=\"wp-block-heading\">DZIA\u0141ANIE:<\/h3>\n\n\n\n<ul class=\"wp-block-list\">\n<li>silnie przeciwb\u00f3lowe,<\/li>\n\n\n\n<li>poprawa miejscowego metabolizmu kom\u00f3rkowego,<\/li>\n\n\n\n<li>przyspieszenie procesu regeneracji,<\/li>\n\n\n\n<li>lokalne zwi\u0119kszenie mikrokr\u0105\u017cenia \u2013 przekrwienie,<\/li>\n\n\n\n<li>natychmiastowe rozlu\u017anienie mi\u0119\u015bni.<\/li>\n<\/ul>\n\n\n\n<h3 class=\"wp-block-heading\">EFEKTY BIOLOGICZNE FALI UDERZENIOWEJ:<\/h3>\n\n\n\n<ul class=\"wp-block-list\">\n<li>poprawa mikrokr\u0105\u017cenia i metabolizmu,<\/li>\n\n\n\n<li>rozpuszczanie zwapnia\u0142ych fibroblast\u00f3w,<\/li>\n\n\n\n<li>podtrzymywanie produkcji kolagenu,<\/li>\n\n\n\n<li>redukcja napi\u0119cia tkanek,<\/li>\n\n\n\n<li>wp\u0142yw przeciwb\u00f3lowy.<\/li>\n<\/ul>\n\n\n\n<h3 class=\"wp-block-heading\">WSKAZANIA DO TERAPII:<\/h3>\n\n\n\n<div class=\"wp-block-columns is-layout-flex wp-container-core-columns-is-layout-9d6595d7 wp-block-columns-is-layout-flex\">\n<div class=\"wp-block-column is-layout-flow wp-block-column-is-layout-flow\" style=\"flex-basis:66.66%\">\n<ul class=\"wp-block-list\">\n<li>przewlek\u0142e schorzenia uk\u0142adu ruchu,<\/li>\n\n\n\n<li>zespo\u0142y przeci\u0105\u017ceniowe mi\u0119\u015bni, \u015bci\u0119gien, wi\u0119zade\u0142:\n<ul class=\"wp-block-list\">\n<li>kolano skoczka, biegacza,<\/li>\n\n\n\n<li>\u0142okie\u0107 golfisty, tenisisty,<\/li>\n<\/ul>\n<\/li>\n\n\n\n<li>zesp\u00f3\u0142 bolesnego barku: zwapnienia, tendinopatie, zesp\u00f3\u0142 ciasnoty podbarkowej,<\/li>\n\n\n\n<li>zapalenie \u015bci\u0119gna Achillesa, rozci\u0119gna podeszwowego, ostroga pi\u0119towa,<\/li>\n\n\n\n<li>przewlek\u0142e entezopatie,<\/li>\n\n\n\n<li>wyro\u015bla kostne staw\u00f3w obwodowych.<\/li>\n<\/ul>\n<\/div>\n\n\n\n<div class=\"wp-block-column is-layout-flow wp-block-column-is-layout-flow\" style=\"flex-basis:33.33%\">\n<figure class=\"wp-block-image size-medium is-resized\"><img loading=\"lazy\" decoding=\"async\" width=\"300\" height=\"199\" src=\"https:\/\/annarylik.pl\/wp-content\/uploads\/2022\/10\/fala-uderzeniowa-3-300x199.jpg\" alt=\"\" class=\"wp-image-110\" style=\"height:150px\" srcset=\"https:\/\/annarylik.pl\/wp-content\/uploads\/2022\/10\/fala-uderzeniowa-3-300x199.jpg 300w, https:\/\/annarylik.pl\/wp-content\/uploads\/2022\/10\/fala-uderzeniowa-3-768x509.jpg 768w, https:\/\/annarylik.pl\/wp-content\/uploads\/2022\/10\/fala-uderzeniowa-3-91x60.jpg 91w, https:\/\/annarylik.pl\/wp-content\/uploads\/2022\/10\/fala-uderzeniowa-3-370x247.jpg 370w, https:\/\/annarylik.pl\/wp-content\/uploads\/2022\/10\/fala-uderzeniowa-3-776x517.jpg 776w, https:\/\/annarylik.pl\/wp-content\/uploads\/2022\/10\/fala-uderzeniowa-3.jpg 800w\" sizes=\"auto, (max-width: 300px) 100vw, 300px\" \/><\/figure>\n<\/div>\n<\/div>\n","protected":false},"excerpt":{"rendered":"<p>Nieinwazyjne rozwi\u0105zanie do eliminacji przewlek\u0142ego b\u00f3lu wyst\u0119puj\u0105cego w uk\u0142adzie mi\u0119\u015bniowo-szkieletowym Fale uderzeniowe s\u0105 akustycznymi falami przenosz\u0105cymi energi\u0119 w obszar obj\u0119ty b\u00f3lem w uk\u0142adzie mi\u0119\u015bniowo-szkieletowym ze stanami podostrymi oraz przewlek\u0142ymi. Dzi\u0119ki &hellip; <\/p>\n","protected":false},"author":1,"featured_media":0,"parent":29,"menu_order":0,"comment_status":"closed","ping_status":"closed","template":"","meta":{"_editorskit_title_hidden":false,"_editorskit_reading_time":0,"_editorskit_is_block_options_detached":false,"_editorskit_block_options_position":"{}","footnotes":""},"class_list":["post-79","page","type-page","status-publish","hentry"],"_links":{"self":[{"href":"https:\/\/annarylik.pl\/index.php?rest_route=\/wp\/v2\/pages\/79","targetHints":{"allow":["GET"]}}],"collection":[{"href":"https:\/\/annarylik.pl\/index.php?rest_route=\/wp\/v2\/pages"}],"about":[{"href":"https:\/\/annarylik.pl\/index.php?rest_route=\/wp\/v2\/types\/page"}],"author":[{"embeddable":true,"href":"https:\/\/annarylik.pl\/index.php?rest_route=\/wp\/v2\/users\/1"}],"replies":[{"embeddable":true,"href":"https:\/\/annarylik.pl\/index.php?rest_route=%2Fwp%2Fv2%2Fcomments&post=79"}],"version-history":[{"count":10,"href":"https:\/\/annarylik.pl\/index.php?rest_route=\/wp\/v2\/pages\/79\/revisions"}],"predecessor-version":[{"id":188,"href":"https:\/\/annarylik.pl\/index.php?rest_route=\/wp\/v2\/pages\/79\/revisions\/188"}],"up":[{"embeddable":true,"href":"https:\/\/annarylik.pl\/index.php?rest_route=\/wp\/v2\/pages\/29"}],"wp:attachment":[{"href":"https:\/\/annarylik.pl\/index.php?rest_route=%2Fwp%2Fv2%2Fmedia&parent=79"}],"curies":[{"name":"wp","href":"https:\/\/api.w.org\/{rel}","templated":true}]}}

<div class="wp-block-columns is-layout-flex wp-container-core-columns-is-layout-9d6595d7 wp-block-columns-is-layout-flex">
<div class="wp-block-column is-layout-flow wp-block-column-is-layout-flow" style="flex-basis:33.33%">
<figure class="wp-block-image size-full"><img loading="lazy" decoding="async" width="800" height="530" src="https://annarylik.pl/wp-content/uploads/2022/10/fala-uderzeniowa-2-1.jpg" alt="" class="wp-image-111" srcset="https://annarylik.pl/wp-content/uploads/2022/10/fala-uderzeniowa-2-1.jpg 800w, https://annarylik.pl/wp-content/uploads/2022/10/fala-uderzeniowa-2-1-300x199.jpg 300w, https://annarylik.pl/wp-content/uploads/2022/10/fala-uderzeniowa-2-1-768x509.jpg 768w, https://annarylik.pl/wp-content/uploads/2022/10/fala-uderzeniowa-2-1-91x60.jpg 91w" sizes="auto, (max-width: 800px) 100vw, 800px" /></figure>
</div>



<div class="wp-block-column is-layout-flow wp-block-column-is-layout-flow" style="flex-basis:66.66%">
<p class="has-text-align-center">Nieinwazyjne rozwiązanie do eliminacji przewlekłego bólu występującego w układzie mięśniowo-szkieletowym</p>



<p class="has-text-align-center">Fale uderzeniowe są akustycznymi falami przenoszącymi energię w obszar objęty bólem w układzie mięśniowo-szkieletowym ze stanami podostrymi oraz przewlekłymi. Dzięki dostarczonej energii następują procesy leczenia oraz regeneracji tkanek miękkich.</p>
</div>
</div>



<h3 class="wp-block-heading">DZIAŁANIE:</h3>



<ul class="wp-block-list">
<li>silnie przeciwbólowe,</li>



<li>poprawa miejscowego metabolizmu komórkowego,</li>



<li>przyspieszenie procesu regeneracji,</li>



<li>lokalne zwiększenie mikrokrążenia – przekrwienie,</li>



<li>natychmiastowe rozluźnienie mięśni.</li>
</ul>



<h3 class="wp-block-heading">EFEKTY BIOLOGICZNE FALI UDERZENIOWEJ:</h3>



<ul class="wp-block-list">
<li>poprawa mikrokrążenia i metabolizmu,</li>



<li>rozpuszczanie zwapniałych fibroblastów,</li>



<li>podtrzymywanie produkcji kolagenu,</li>



<li>redukcja napięcia tkanek,</li>



<li>wpływ przeciwbólowy.</li>
</ul>



<h3 class="wp-block-heading">WSKAZANIA DO TERAPII:</h3>



<div class="wp-block-columns is-layout-flex wp-container-core-columns-is-layout-9d6595d7 wp-block-columns-is-layout-flex">
<div class="wp-block-column is-layout-flow wp-block-column-is-layout-flow" style="flex-basis:66.66%">
<ul class="wp-block-list">
<li>przewlekłe schorzenia układu ruchu,</li>



<li>zespoły przeciążeniowe mięśni, ścięgien, więzadeł:
<ul class="wp-block-list">
<li>kolano skoczka, biegacza,</li>



<li>łokieć golfisty, tenisisty,</li>
</ul>
</li>



<li>zespół bolesnego barku: zwapnienia, tendinopatie, zespół ciasnoty podbarkowej,</li>



<li>zapalenie ścięgna Achillesa, rozcięgna podeszwowego, ostroga piętowa,</li>



<li>przewlekłe entezopatie,</li>



<li>wyrośla kostne stawów obwodowych.</li>
</ul>
</div>



<div class="wp-block-column is-layout-flow wp-block-column-is-layout-flow" style="flex-basis:33.33%">
<figure class="wp-block-image size-medium is-resized"><img loading="lazy" decoding="async" width="300" height="199" src="https://annarylik.pl/wp-content/uploads/2022/10/fala-uderzeniowa-3-300x199.jpg" alt="" class="wp-image-110" style="height:150px" srcset="https://annarylik.pl/wp-content/uploads/2022/10/fala-uderzeniowa-3-300x199.jpg 300w, https://annarylik.pl/wp-content/uploads/2022/10/fala-uderzeniowa-3-768x509.jpg 768w, https://annarylik.pl/wp-content/uploads/2022/10/fala-uderzeniowa-3-91x60.jpg 91w, https://annarylik.pl/wp-content/uploads/2022/10/fala-uderzeniowa-3-370x247.jpg 370w, https://annarylik.pl/wp-content/uploads/2022/10/fala-uderzeniowa-3-776x517.jpg 776w, https://annarylik.pl/wp-content/uploads/2022/10/fala-uderzeniowa-3.jpg 800w" sizes="auto, (max-width: 300px) 100vw, 300px" /></figure>
</div>
</div>

<p>Nieinwazyjne rozwiązanie do eliminacji przewlekłego bólu występującego w układzie mięśniowo-szkieletowym Fale uderzeniowe są akustycznymi falami przenoszącymi energię w obszar objęty bólem w układzie mięśniowo-szkieletowym ze stanami podostrymi oraz przewlekłymi. Dzięki &hellip; </p>
